033
List the prime factors of 4997.
19, 263
List the prime factors of 68627.
13, 5279
What are the prime factors of 11823?
3, 7, 563
What are the prime factors of 44146?
2, 22073
What are the prime factors of 1145?
5, 229
What are the prime factors of 55294?
2, 27647
What are the prime factors of 235?
5, 47
What are the prime factors of 112?
2, 7
What are the prime factors of 44527?
7, 6361
List the prime factors of 161876.
2, 11, 13, 283
What are the prime factors of 19524?
2, 3, 1627
List the prime factors of 2224.
2, 139
What are the prime factors of 814?
2, 11, 37
What are the prime factors of 2952?
2, 3, 41
What are the prime factors of 8238?
2, 3, 1373
What are the prime factors of 2235?
3, 5, 149
List the prime factors of 1631.
7, 233
List the prime factors of 841.
29
List the prime factors of 756.
2, 3, 7
What are the prime factors of 22091?
22091
What are the prime factors of 3167?
3167
What are the prime factors of 2591?
2591
List the prime factors of 1042.
2, 521
What are the prime factors of 847?
7, 11
What are the prime factors of 562?
2, 281
What are the prime factors of 4989?
3, 1663
List the prime factors of 3922.
2, 37, 53
What are the prime factors of 3437?
7, 491
What are the prime factors of 26?
2, 13
What are the prime factors of 28622?
2, 11, 1301
What are the prime factors of 47270?
2, 5, 29, 163
List the prime factors of 87850.
2, 5, 7, 251
List the prime factors of 378.
2, 3, 7
List the prime factors of 5499.
3, 13, 47
What are the prime factors of 5126?
2, 11, 233
List the prime factors of 14394.
2, 3, 2399
List the prime factors of 1661.
11, 151
List the prime factors of 57.
3, 19
What are the prime factors of 546?
2, 3, 7, 13
List the prime factors of 10418.
2, 5209
List the prime factors of 986.
2, 17, 29
What are the prime factors of 1296?
2, 3
List the prime factors of 31151.
31151
List the prime factors of 304.
2, 19
What are the prime factors of 1092?
2, 3, 7, 13
What are the prime factors of 91929?
3, 30643
List the prime factors of 14935.
5, 29, 103
What are the prime factors of 37993?
37993
What are the prime factors of 286?
2, 11, 13
List the prime factors of 2991.
3, 997
What are the prime factors of 23771?
11, 2161
List the prime factors of 604.
2, 151
List the prime factors of 16500.
2, 3, 5, 11
List the prime factors of 4312.
2, 7, 11
What are the prime factors of 602?
2, 7, 43
What are the prime factors of 30288?
2, 3, 631
List the prime factors of 4109.
7, 587
List the prime factors of 37.
37
What are the prime factors of 4722?
2, 3, 787
List the prime factors of 2290.
2, 5, 229
What are the prime factors of 1573?
11, 13
List the prime factors of 60269.
11, 5479
What are the prime factors of 5726?
2, 7, 409
What are the prime factors of 1484?
2, 7, 53
List the prime factors of 19511.
109, 179
What are the prime factors of 787?
787
List the prime factors of 20914.
2, 10457
List the prime factors of 8601.
3, 47, 61
List the prime factors of 60.
2, 3, 5
What are the prime factors of 6255?
3, 5, 139
List the prime factors of 423.
3, 47
List the prime factors of 98076.
2, 3, 11, 743
What are the prime factors of 1870?
2, 5, 11, 17
What are the prime factors of 24147?
3, 2683
List the prime factors of 872.
2, 109
List the prime factors of 2320.
2, 5, 29
List the prime factors of 109212.
2, 3, 19, 479
List the prime factors of 37968.
2, 3, 7, 113
List the prime factors of 7845.
3, 5, 523
List the prime factors of 169247.
13, 47, 277
What are the prime factors of 54397?
7, 19, 409
What are the prime factors of 1342?
2, 11, 61
What are the prime factors of 14280?
2, 3, 5, 7, 17
List the prime factors of 7095.
3, 5, 11, 43
List the prime factors of 12380.
2, 5, 619
What are the prime factors of 2354?
2, 11, 107
What are the prime factors of 1505?
5, 7, 43
What are the prime factors of 24973?
13, 17, 113
What are the prime factors of 518?
2, 7, 37
List the prime factors of 1348.
2, 337
What are the prime factors of 42982?
2, 21491
What are the prime factors of 63684?
2, 3, 29, 61
List the prime factors of 3758.
2, 1879
List the prime factors of 3157.
7, 11, 41
What are the prime factors of 15302?
2, 7, 1093
What are the prime factors of 13677?
3, 47, 97
What are the prime factors of 15845?
5, 3169
What are the prime factors of 2704?
2, 13
What are the prime factors of 9092?
2, 2273
What are the prime factors of 8251?
37, 223
List the prime factors of 1333.
31, 43
List the prime factors of 447.
3, 149
What are the prime factors of 13078?
2, 13, 503
List the prime factors of 544.
2, 17
List the prime factors of 7787.
13, 599
What are the prime factors of 52895?
5, 71, 149
List the prime factors of 1348.
2, 337
What are the prime factors of 36012?
2, 3, 3001
List the prime factors of 17183.
17183
List the prime factors of 2680.
2, 5, 67
What are the prime factors of 21025?
5, 29
List the prime factors of 14382.
2, 3, 17, 47
What are the prime factors of 34166?
2, 11, 1553
List the prime factors of 412.
2, 103
List the prime factors of 3371.
3371
List the prime factors of 15782.
2, 13, 607
What are the prime factors of 2287?
2287
What are the prime factors of 3461?
3461
What are the prime factors of 304?
2, 19
What are the prime factors of 96334?
2, 7, 983
What are the prime factors of 355?
5, 71
What are the prime factors of 47557?
19, 2503
What are the prime factors of 1030?
2, 5, 103
List the prime factors of 251.
251
List the prime factors of 9502.
2, 4751
List the prime factors of 2299.
11, 19
What are the prime factors of 1452?
2, 3, 11
What are the prime factors of 1474?
2, 11, 67
List the prime factors of 16019.
83, 193
What are the prime factors of 38125?
5, 61
List the prime factors of 101620.
2, 5, 5081
List the prime factors of 43328.
2, 677
List the prime factors of 454.
2, 227
What are the prime factors of 2336?
2, 73
What are the prime factors of 8884?
2, 2221
List the prime factors of 54593.
7, 11, 709
What are the prime factors of 111157?
29, 3833
What are the prime factors of 18157?
67, 271
List the prime factors of 614.
2, 307
List the prime factors of 6315.
3, 5, 421
List the prime factors of 349.
349
List the prime factors of 39554.
2, 19777
List the prime factors of 1721.
1721
List the prime factors of 6130.
2, 5, 613
List the prime factors of 54098.
2, 11, 2459
List the prime factors of 98651.
7, 17, 829
What are the prime factors of 32775?
3, 5, 19, 23
List the prime factors of 18735.
3, 5, 1249
What are the prime factors of 3839?
11, 349
List the prime factors of 18699.
3, 23, 271
What are the prime factors of 247?
13, 19
What are the prime factors of 9140?
2, 5, 457
List the prime factors of 3433.
3433
List the prime factors of 63657.
3, 11, 643
List the prime factors of 260.
2, 5, 13
List the prime factors of 1712.
2, 107
List the prime factors of 3367.
7, 13, 37
List the prime factors of 25174.
2, 41, 307
List the prime factors of 42861.
3, 7, 13, 157
List the prime factors of 748.
2, 11, 17
What are the prime factors of 4327?
4327
List the prime factors of 763.
7, 109
What are the prime factors of 8910?
2, 3, 5, 11
What are the prime factors of 22982?
2, 11491
What are the prime factors of 127318?
2, 63659
What are the prime factors of 160?
2, 5
What are the prime factors of 1416?
2, 3, 59
What are the prime factors of 82341?
3, 7, 1307
What are the prime factors of 2346?
2, 3, 17, 23
What are the prime factors of 29293?
11, 2663
What are the prime factors of 5430?
2, 3, 5, 181
What are the prime factors of 84?
2, 3, 7
List the prime factors of 1455.
3, 5, 97
List the prime factors of 30172.
2, 19, 397
List the prime factors of 4893.
3, 7, 233
What are the prime factors of 10670?
2, 5, 11, 97
List the prime factors of 12234.
2, 3, 2039
What are the prime factors of 70818?
2, 3, 11, 29, 37
What are the prime factors of 3078?
2, 3, 19
List the prime factors of 16031.
17, 23, 41
List the prime factors of 7380.
2, 3, 5, 41
List the prime factors of 7353.
3, 19, 43
List the prime factors of 908.
2, 227
What are the prime factors of 1051?
1051
List the prime factors of 9541.
7, 29, 47
List the prime factors of 14150.
2, 5, 283
What are the prime factors of 1002?
2, 3, 167
List the prime factors of 12544.
2, 7
List the prime factors of 8173.
11, 743
What are the prime factors of 51305?
5, 